remainder when 64 is divided by 4.
0
Calculate the remainder when 86 is divided by 48.
38
Calculate the remainder when 177 is divided by 67.
43
What is the remainder when 1044 is divided by 39?
30
What is the remainder when 678 is divided by 170?
168
What is the remainder when 77 is divided by 55?
22
What is the remainder when 378 is divided by 96?
90
What is the remainder when 731 is divided by 105?
101
What is the remainder when 467 is divided by 47?
44
What is the remainder when 683 is divided by 175?
158
Calculate the remainder when 481 is divided by 235.
11
What is the remainder when 246 is divided by 1?
0
What is the remainder when 286 is divided by 191?
95
What is the remainder when 2270 is divided by 323?
9
Calculate the remainder when 61 is divided by 17.
10
What is the remainder when 991 is divided by 126?
109
Calculate the remainder when 3586 is divided by 52.
50
What is the remainder when 1155 is divided by 116?
111
Calculate the remainder when 1005 is divided by 126.
123
What is the remainder when 357 is divided by 67?
22
Calculate the remainder when 779 is divided by 152.
19
What is the remainder when 213 is divided by 98?
17
Calculate the remainder when 847 is divided by 45.
37
Calculate the remainder when 3335 is divided by 553.
17
Calculate the remainder when 3147 is divided by 83.
76
Calculate the remainder when 6619 is divided by 56.
11
What is the remainder when 363 is divided by 7?
6
Calculate the remainder when 705 is divided by 139.
10
Calculate the remainder when 89 is divided by 15.
14
What is the remainder when 14579 is divided by 317?
314
Calculate the remainder when 263 is divided by 38.
35
What is the remainder when 240 is divided by 49?
44
Calculate the remainder when 1903 is divided by 81.
40
Calculate the remainder when 96 is divided by 52.
44
Calculate the remainder when 378 is divided by 19.
17
Calculate the remainder when 24 is divided by 1.
0
What is the remainder when 70 is divided by 8?
6
What is the remainder when 338 is divided by 38?
34
Calculate the remainder when 284 is divided by 98.
88
Calculate the remainder when 89 is divided by 38.
13
Calculate the remainder when 104 is divided by 23.
12
What is the remainder when 42 is divided by 15?
12
What is the remainder when 190 is divided by 61?
7
Calculate the remainder when 86 is divided by 26.
8
Calculate the remainder when 51 is divided by 19.
13
Calculate the remainder when 3363 is divided by 18.
15
Calculate the remainder when 320 is divided by 27.
23
What is the remainder when 73 is divided by 22?
7
Calculate the remainder when 799 is divided by 134.
129
What is the remainder when 644 is divided by 120?
44
What is the remainder when 499 is divided by 65?
44
Calculate the remainder when 5500 is divided by 204.
196
Calculate the remainder when 827 is divided by 154.
57
Calculate the remainder when 518 is divided by 499.
19
Calculate the remainder when 24 is divided by 4.
0
Calculate the remainder when 250 is divided by 36.
34
What is the remainder when 495 is divided by 132?
99
Calculate the remainder when 2734 is divided by 37.
33
Calculate the remainder when 365 is divided by 42.
29
Calculate the remainder when 311 is divided by 53.
46
What is the remainder when 304 is divided by 60?
4
What is the remainder when 548 is divided by 49?
9
What is the remainder when 1947 is divided by 28?
15
Calculate the remainder when 173 is divided by 60.
53
What is the remainder when 552 is divided by 111?
108
What is the remainder when 347 is divided by 196?
151
Calculate the remainder when 1734 is divided by 290.
284
Calculate the remainder when 203 is divided by 34.
33
Calculate the remainder when 1326 is divided by 83.
81
What is the remainder when 174822 is divided by 185?
182
Calculate the remainder when 337 is divided by 39.
25
What is the remainder when 3008 is divided by 36?
20
Calculate the remainder when 15 is divided by 5.
0
What is the remainder when 4065 is divided by 18?
15
What is the remainder when 86 is divided by 33?
20
Calculate the remainder when 151 is divided by 22.
19
Calculate the remainder when 81 is divided by 19.
5
Calculate the remainder when 28414 is divided by 222.
220
What is the remainder when 951 is divided by 18?
15
Calculate the remainder when 140 is divided by 50.
40
Calculate the remainder when 17146 is divided by 70.
66
Calculate the remainder when 2356 is divided by 20.
16
Calculate the remainder when 1331 is divided by 12.
11
Calculate the remainder when 14334 is divided by 16.
14
What is the remainder when 359 is divided by 102?
53
Calculate the remainder when 139 is divided by 44.
7
Calculate the remainder when 1625 is divided by 1622.
3
What is the remainder when 3764 is divided by 941?
0
What is the remainder when 634 is divided by 12?
10
What is the remainder when 19 is divided by 8?
3
What is the remainder when 29 is divided by 25?
4
Calculate the remainder when 309 is divided by 125.
59
What is the remainder when 152 is divided by 7?
5
Calculate the remainder when 2575 is divided by 143.
1
What is the remainder when 7003 is divided by 103?
102
What is the remainder when 96 is divided by 65?
31
Calculate the remainder when 655 is divided by 54.
7
Calculate the remainder when 221 is divided by 56.
53
What is the remainder when 940 is divided by 321?
298
Calculate the remainder when 575 is divided by 9.
8
Calculate the remainder when 339 is divided by 8.
3
What is the remainder when 20707 is divided by 19?
16
Calculate the remainder when 24618 is divided by 5.
3
Calculate the remainder when 4251 is divided by 6.
3
What is the remainder when 123 is divided by 25?
23
What is the remainder when 359 is divided by 65?
34
Calculate the remainder when 382 is divided by 36.
22
What is the remainder when 3329 is divided by 39?
14
Calculate the remainder when 125 is divided by 35.
20
Calculate the remainder when 734 is divided by 47.
29
What is the remainder when 448 is divided by 19?
11
Calculate the remainder when 1846 is divided by 43.
40
What is the remainder when 761 is divided by 183?
29
What is the remainder when 567 is divided by 6?
3
Calculate the remainder when 239 is divided by 113.
13
Calculate the remainder when 28 is divided by 25.
3
What is the remainder when 116 is divided by 61?
55
What is the remainder when 721 is divided by 52?
45
Calculate the remainder when 894 is divided by 69.
66
What is the remainder when 269 is divided by 95?
79
Calculate the remainder when 154 is divided by 28.
14
Calculate the remainder when 224 is divided by 62.
38
Calculate the remainder when 598 is divided by 50.
48
Calculate the remainder when 91 is divided by 4.
3
Calculate the remainder when 8189 is divided by 18.
17
What is the remainder when 1108 is divided by 222?
220
What is the remainder when 1030 is divided by 258?
256
Calculate the remainder when 199 is divided by 21.
10
What is the remainder when 547 is divided by 266?
15
What is the remainder when 429 is divided by 48?
45
What is the remainder when 184 is divided by 5?
4
Calculate the remainder when 318 is divided by 316.
2
What is the remainder when 911 is divided by 281?
68
What is the remainder when 39 is divided by 22?
17
What is the remainder when 47 is divided by 26?
21
What is the remainder when 1111 is divided by 65?
6
What is the remainder when 113 is divided by 90?
23
Calculate the remainder when 330 is divided by 127.
76
Calculate the remainder when 11967 is divided by 15.
12
Calculate the remainder when 499 is divided by 226.
47
What is the remainder when 487 is divided by 49?
46
What is the remainder when 62 is divided by 20?
2
What is the remainder when 171 is divided by 42?
3
What is the remainder when 3027 is divided by 278?
247
Calculate the remainder when 3178 is divided by 15.
13
What is the remainder when 5195 is divided by 20?
15
What is the remainder when 3871 is divided by 125?
121
What is the remainder when 473 is divided by 24?
17
What is the remainder when 3600 is divided by 53?
49
What is the remainder when 916 is divided by 18?
16
What is the remainder when 322 is divided by 96?
34
What is the remainder when 2037 is divided by 192?
117
Calculate the remainder when 51 is divided by 13.
12
Calculate the remainder when 49 is divided by 14.
7
Ca